{"id":6,"date":"2022-02-15T16:16:36","date_gmt":"2022-02-15T16:16:36","guid":{"rendered":"https:\/\/www.terezaprivratska.com\/?page_id=6"},"modified":"2024-11-02T08:08:39","modified_gmt":"2024-11-02T08:08:39","slug":"beautiful-portfolios-for-exceptional-creatives","status":"publish","type":"page","link":"https:\/\/www.terezaprivratska.com\/","title":{"rendered":"\u201cElegant but honest eloquence&#8221; &#8211; The Sunday Times, London"},"content":{"rendered":"\n<div style=\"height:55px\" aria-hidden=\"true\" class=\"wp-block-spacer\"><\/div>\n\n\n\n<div class=\"wp-block-group alignfull has-background is-layout-flow wp-block-group-is-layout-flow\" style=\"background-color:#e5e9ec\">\n<div class=\"wp-block-columns is-layout-flex wp-container-core-columns-is-layout-28f84493 wp-block-columns-is-layout-flex\">\n<div class=\"wp-block-column is-vertically-aligned-center is-layout-flow wp-block-column-is-layout-flow\">\n<h2 class=\"wp-block-heading\" id=\"about-tereza\">About Tereza<\/h2>\n\n\n\n<p>A highly sought-after soloist and chamber musician, Tereza Privratska is a prize winner of several international violin competitions, including the Kocian International Competition in the Czech Republic, and The Talents for Europe in Slovakia. She is the founder and first violin of the award-winning <a href=\"http:\/\/www.jubileequartet.co.uk\/\" target=\"_blank\" rel=\"noreferrer noopener\">Jubilee Quartet<\/a>, which performs regularly in venues and festivals internationally; with London appearances at Wigmore Hall, Conway Hall and the Purcell Room.<\/p>\n\n\n\n<div class=\"wp-block-buttons is-horizontal is-content-justification-left is-layout-flex wp-container-core-buttons-is-layout-20be11b6 wp-block-buttons-is-layout-flex\">\n<div class=\"wp-block-button is-style-outline is-style-outline--1\"><a class=\"wp-block-button__link\" href=\"https:\/\/www.terezaprivratska.com\/?page_id=7\" style=\"border-radius:0px\">About Tereza<\/a><\/div>\n<\/div>\n\n\n\n<p><\/p>\n<\/div>\n\n\n\n<div class=\"wp-block-column is-layout-flow wp-block-column-is-layout-flow\">\n<div style=\"height:48px\" aria-hidden=\"true\" class=\"wp-block-spacer\"><\/div>\n\n\n\n<figure class=\"wp-block-image size-large is-resized\"><img loading=\"lazy\" decoding=\"async\" src=\"https:\/\/www.terezaprivratska.com\/wp-content\/uploads\/2022\/02\/DSC02262-1-683x1024.jpg\" alt=\"headshot of Tereza \" class=\"wp-image-190\" width=\"337\" height=\"504\" srcset=\"https:\/\/www.terezaprivratska.com\/wp-content\/uploads\/2022\/02\/DSC02262-1-683x1024.jpg 683w, https:\/\/www.terezaprivratska.com\/wp-content\/uploads\/2022\/02\/DSC02262-1-200x300.jpg 200w, https:\/\/www.terezaprivratska.com\/wp-content\/uploads\/2022\/02\/DSC02262-1-1366x2048.jpg 1366w, https:\/\/www.terezaprivratska.com\/wp-content\/uploads\/2022\/02\/DSC02262-1-scaled.jpg 1707w\" sizes=\"auto, (max-width: 337px) 100vw, 337px\" \/><\/figure>\n<\/div>\n<\/div>\n<\/div>\n\n\n\n<div class=\"wp-block-group alignfull is-layout-flow wp-block-group-is-layout-flow\">\n<div class=\"wp-block-columns are-vertically-aligned-center is-layout-flex wp-container-core-columns-is-layout-28f84493 wp-block-columns-is-layout-flex\">\n<div class=\"wp-block-column is-vertically-aligned-center is-layout-flow wp-block-column-is-layout-flow\">\n<div style=\"height:48px\" aria-hidden=\"true\" class=\"wp-block-spacer\"><\/div>\n\n\n\n<figure class=\"wp-block-image size-full\"><img loading=\"lazy\" decoding=\"async\" width=\"1024\" height=\"684\" src=\"https:\/\/www.terezaprivratska.com\/wp-content\/uploads\/2022\/02\/img2.jpg\" alt=\"teaching a violin pupil\" class=\"wp-image-53\" srcset=\"https:\/\/www.terezaprivratska.com\/wp-content\/uploads\/2022\/02\/img2.jpg 1024w, https:\/\/www.terezaprivratska.com\/wp-content\/uploads\/2022\/02\/img2-300x200.jpg 300w, https:\/\/www.terezaprivratska.com\/wp-content\/uploads\/2022\/02\/img2-768x513.jpg 768w\" sizes=\"auto, (max-width: 1024px) 100vw, 1024px\" \/><figcaption>Tereza teaching pupil Kyota Kakiuchi<\/figcaption><\/figure>\n\n\n\n<p><\/p>\n<\/div>\n\n\n\n<div class=\"wp-block-column is-vertically-aligned-center is-layout-flow wp-block-column-is-layout-flow\">\n<h2 class=\"wp-block-heading\" id=\"educator\">Educator <\/h2>\n\n\n\n<p>A passionate teacher, Tereza taught for many years at <a href=\"https:\/\/www.menuhinschool.co.uk\/\" target=\"_blank\" rel=\"noreferrer noopener\">The Yehudi Menuhin School<\/a>. Her pupils are international prize-winners (<a href=\"https:\/\/www.concoursgrumiaux.be\/en\/laureates\/grumiaux2019-en\" data-type=\"URL\" data-id=\"https:\/\/www.concoursgrumiaux.be\/en\/laureates\/grumiaux2019-en\" target=\"_blank\" rel=\"noreferrer noopener\">2019 International Grumiaux Competition<\/a>) and gained places at top-level universities in Europe (Hochschule f\u00fcr Musik Hanns Eisler, Universit\u00e4t der K\u00fcnste Berlin; Escuela Superior de M\u00fasica Reina Sofia, Madrid; Universit\u00e4t f\u00fcr Musik und darstellende Kunst Wien; and RAM).&nbsp;&nbsp;<\/p>\n\n\n\n<p>Teaching string quartets is Tereza\u2019s dream come true, which led her to recently co-curate The Jubilee String Quartet Academy. The Academy reached a wide spectrum of listeners, including amateurs, all levels of string quartet students, and experienced performers.<\/p>\n\n\n\n<div class=\"wp-block-buttons is-layout-flex wp-block-buttons-is-layout-flex\">\n<div class=\"wp-block-button is-style-outline is-style-outline--2\"><a class=\"wp-block-button__link\" href=\"https:\/\/www.terezaprivratska.com\/?page_id=92\" style=\"border-radius:0px\">pedagogy<\/a><\/div>\n<\/div>\n<\/div>\n<\/div>\n<\/div>\n\n\n\n<div class=\"wp-block-group alignfull has-black-background-color has-background is-layout-flow wp-block-group-is-layout-flow\">\n<h2 class=\"has-text-align-center has-white-color has-text-color wp-block-heading\" id=\"gallery\"><strong>Gallery<\/strong><\/h2>\n\n\n\nngg_shortcode_0_placeholder\n<\/div>\n\n\n\n<div class=\"wp-block-cover alignfull is-light has-parallax is-position-center-center\" style=\"background-image:url(https:\/\/www.terezaprivratska.com\/wp-content\/uploads\/2022\/02\/DSC02096bw-scaled.jpg);min-height:375px;aspect-ratio:unset;\"><span aria-hidden=\"true\" class=\"has-black-background-color has-background-dim-40 wp-block-cover__gradient-background has-background-dim\"><\/span><div class=\"wp-block-cover__inner-container is-layout-flow wp-block-cover-is-layout-flow\">\n<p class=\"has-text-align-center has-text-color has-huge-font-size\" style=\"color:#fffffa;line-height:1.1\">Upcoming Performances<\/p>\n\n\n\n<h3 class=\"has-text-align-center has-white-color has-text-color wp-block-heading\" id=\"wigmore-hall-may-15th-11-30am\">Wigmore Hall \u2022 May 15th \u2022 11:30am <\/h3>\n\n\n\n<h6 class=\"has-text-align-center has-white-color has-text-color wp-block-heading\" id=\"jubilee-string-quartet\">Jubilee String Quartet<\/h6>\n\n\n\n<p><\/p>\n\n\n\n<div class=\"wp-block-columns is-layout-flex wp-container-core-columns-is-layout-28f84493 wp-block-columns-is-layout-flex\">\n<div class=\"wp-block-column is-layout-flow wp-block-column-is-layout-flow\" style=\"flex-basis:25%\"><\/div>\n\n\n\n<div class=\"wp-block-column is-layout-flow wp-block-column-is-layout-flow\" style=\"flex-basis:50%\"><\/div>\n\n\n\n<div class=\"wp-block-column is-layout-flow wp-block-column-is-layout-flow\" style=\"flex-basis:25%\"><\/div>\n<\/div>\n\n\n\n<div style=\"height:39px\" aria-hidden=\"true\" class=\"wp-block-spacer\"><\/div>\n\n\n\n<div class=\"wp-block-buttons is-horizontal is-content-justification-center is-layout-flex wp-container-core-buttons-is-layout-03627597 wp-block-buttons-is-layout-flex\">\n<div class=\"wp-block-button is-style-outline is-style-outline--3\"><a class=\"wp-block-button__link has-white-color has-text-color\" href=\"https:\/\/www.terezaprivratska.com\/?page_id=8\" style=\"border-radius:0px\" target=\"_blank\" rel=\"noreferrer noopener\">Contact Tereza<\/a><\/div>\n<\/div>\n<\/div><\/div>\n","protected":false},"excerpt":{"rendered":"<p>About Tereza A highly sought-after soloist and chamber musician, Tereza Privratska is a prize winner of several international violin competitions, including the Kocian International Competition in the Czech Republic, and The Talents for Europe in Slovakia. She is the founder and first violin of the award-winning Jubilee Quartet, which performs regularly in venues and festivals &hellip; <\/p>\n<p class=\"link-more\"><a href=\"https:\/\/www.terezaprivratska.com\/\" class=\"more-link\">Read more<span class=\"screen-reader-text\"> &#8220;\u201cElegant but honest eloquence&#8221; &#8211; The Sunday Times, London&#8221;<\/span><\/a><\/p>\n","protected":false},"author":1,"featured_media":21,"parent":0,"menu_order":0,"comment_status":"closed","ping_status":"closed","template":"","meta":{"ngg_post_thumbnail":0,"footnotes":""},"class_list":["post-6","page","type-page","status-publish","has-post-thumbnail","hentry"],"aioseo_notices":[],"_links":{"self":[{"href":"https:\/\/www.terezaprivratska.com\/index.php?rest_route=\/wp\/v2\/pages\/6","targetHints":{"allow":["GET"]}}],"collection":[{"href":"https:\/\/www.terezaprivratska.com\/index.php?rest_route=\/wp\/v2\/pages"}],"about":[{"href":"https:\/\/www.terezaprivratska.com\/index.php?rest_route=\/wp\/v2\/types\/page"}],"author":[{"embeddable":true,"href":"https:\/\/www.terezaprivratska.com\/index.php?rest_route=\/wp\/v2\/users\/1"}],"replies":[{"embeddable":true,"href":"https:\/\/www.terezaprivratska.com\/index.php?rest_route=%2Fwp%2Fv2%2Fcomments&post=6"}],"version-history":[{"count":17,"href":"https:\/\/www.terezaprivratska.com\/index.php?rest_route=\/wp\/v2\/pages\/6\/revisions"}],"predecessor-version":[{"id":212,"href":"https:\/\/www.terezaprivratska.com\/index.php?rest_route=\/wp\/v2\/pages\/6\/revisions\/212"}],"wp:featuredmedia":[{"embeddable":true,"href":"https:\/\/www.terezaprivratska.com\/index.php?rest_route=\/wp\/v2\/media\/21"}],"wp:attachment":[{"href":"https:\/\/www.terezaprivratska.com\/index.php?rest_route=%2Fwp%2Fv2%2Fmedia&parent=6"}],"curies":[{"name":"wp","href":"https:\/\/api.w.org\/{rel}","templated":true}]}}